 base 10, what is 7241 - -252?
7493
In base 14, what is 2 - -d521?
d523
In base 7, what is 321 - -60?
411
In base 8, what is -4227 + -514?
-4743
In base 9, what is -3 - -378201?
378187
In base 14, what is 5 + 254bc?
254c3
In base 6, what is 3 + -130000?
-125553
In base 4, what is 11 - 1010222?
-1010211
In base 2, what is -1001001000111111 - 10?
-1001001001000001
In base 2, what is -11000 - 10010011?
-10101011
In base 15, what is 8d7ac - 2?
8d7aa
In base 4, what is 2 - -10333122?
10333130
In base 5, what is -12 - -143124?
143112
In base 10, what is 10747790 - 1?
10747789
In base 2, what is -100000010 - 110111111?
-1011000001
In base 15, what is -2e673 - 3?
-2e676
In base 2, what is 101 - 100010111110001001?
-100010111110000100
In base 16, what is -199 + 1ad?
14
In base 12, what is 3a - -15a05?
15a43
In base 13, what is 349 - -23?
36c
In base 7, what is -4 - -33013?
33006
In base 2, what is 100100100100 + 11?
100100100111
In base 9, what is -233 - -8521?
8277
In base 4, what is 11212 - -3212?
21030
In base 15, what is 2 - -20bb?
20bd
In base 2, what is 0 - 1010000110001010011?
-1010000110001010011
In base 15, what is -3c446 - 9?
-3c450
In base 9, what is -868851 + 1?
-868850
In base 6, what is 1153453 + -2?
1153451
In base 3, what is 12200212111210 + 10?
12200212111220
In base 2, what is 1110100110010011 - -100?
1110100110010111
In base 5, what is 1133142 + -1?
1133141
In base 7, what is 15460 + -5?
15452
In base 12, what is -2a + -2054?
-2082
In base 15, what is 38d99 - -d?
38da7
In base 5, what is -233 + -11031?
-11314
In base 14, what is -5c + -dbb?
-1039
In base 16, what is -3 - c9bd5?
-c9bd8
In base 2, what is 11011 - -1111011011111110?
1111011100011001
In base 14, what is 3 + -136b01?
-136adc
In base 2, what is 1000011 + 1010110110101?
1010111111000
In base 15, what is -2c - d38?
-d65
In base 7, what is -145 - 124123?
-124301
In base 7, what is 2 + -43140?
-43135
In base 10, what is 12157 - 9?
12148
In base 3, what is 10212211101 - -1?
10212211102
In base 4, what is -10 + 33020120?
33020110
In base 12, what is 47 - 404?
-379
In base 13, what is -5 - -601?
5c9
In base 8, what is 102 + -616?
-514
In base 12, what is 126 - -633?
759
In base 2, what is -11101011010 + 1000000010?
-10101011000
In base 7, what is 5 + -3264523?
-3264515
In base 7, what is -303212 + 5?
-303204
In base 16, what is -2a + 41b?
3f1
In base 11, what is 57 - -27a7?
2853
In base 4, what is 11 - -121221100?
121221111
In base 15, what is -a - -113ed?
113e3
In base 6, what is 333052 - 4?
333044
In base 9, what is -80 - -4650?
4560
In base 4, what is 1120313220 + 1?
1120313221
In base 8, what is -3541 - -13?
-3526
In base 5, what is 233043 + -3?
233040
In base 16, what is -5e4cb - 6?
-5e4d1
In base 16, what is 1123c + -1d?
1121f
In base 6, what is 5 - 110324?
-110315
In base 9, what is -147823 + 1?
-147822
In base 9, what is -81 - -4700?
4608
In base 10, what is 0 - 663238?
-663238
In base 14, what is -161 - -10d3?
d72
In base 11, what is 4 + -45764?
-45760
In base 12, what is -881aa6 - 0?
-881aa6
In base 6, what is -243021 - -1?
-243020
In base 7, what is -4 + -31323?
-31330
In base 9, what is 16238 - 8?
16230
In base 14, what is 38d - -11?
3a0
In base 3, what is -100000211202 + -1?
-100000211210
In base 3, what is -102001 - 100221?
-202222
In base 14, what is -20647 - -2?
-20645
In base 3, what is -211021102112 - 1?
-211021102120
In base 9, what is -825 - 26?
-852
In base 11, what is 2 + -69132?
-69130
In base 9, what is -773165 - -2?
-773163
In base 14, what is 0 - c031?
-c031
In base 12, what is -1 - -695a?
6959
In base 16, what is -21f7a + -2?
-21f7c
In base 12, what is 3 - a6b6?
-a6b3
In base 16, what is -18eed - -5?
-18ee8
In base 4, what is -11030113 - -1030?
-11023023
In base 9, what is 154808 - -51?
154860
In base 13, what is 6 + 7317?
7320
In base 10, what is 18 + -944?
-926
In base 7, what is -32436 - -40?
-32366
In base 15, what is -652ee + -1?
-65300
In base 12, what is -5 + 472b0a?
472b05
In base 6, what is -130 - -124115?
123545
In base 14, what is -50 + -833b?
-838b
In base 5, what is 43 + 311241?
311334
In base 12, what is 75941 - -35?
75976
In base 13, what is -6a9 - 47a?
-b56
In base 3, what is 10 - 212002112?
-212002102
In base 4, what is -23 - -3302030?
3302001
In base 8, what is -3 - 3746112?
-3746115
In base 2, what is 1001111111010000100110 - -11?
1001111111010000101001
In base 7, what is 15222 + -100?
15122
In base 6, what is 10350 + 350?
11140
In base 2, what is 10 + 11001011010000?
11001011010010
In base 16, what is 2d - -8b?
b8
In base 11, what is 1970 + -2?
1969
In base 12, what is 89 - 161?
-94
In base 4, what is -13 - 21333013?
-21333032
In base 14, what is d97b + 18?
d995
In base 5, what is -22 + -1221330?
-1221402
In base 8, what is 14 + 135524?
135540
In base 14, what is 718 - 10?
708
In base 13, what is -21b + 81?
-16a
In base 10, what is 4640 - -5?
4645
In base 11, what is -2666 + 0?
-2666
In base 7, what is -453551 - 30?
-453611
In base 11, what is -9 + 927?
919
In base 16, what is c - -18a44?
18a50
In base 4, what is 13000 + 0?
13000
In base 15, what is 1e8aa - 5?
1e8a5
In base 10, what is -21935 + 1?
-21934
In base 2, what is -1 - -10101011111100110?
10101011111100101
In base 5, what is -40110 + 140?
-34420
In base 3, what is -111021120000 + -2?
-111021120002
In base 4, what is -101333333 + 3?
-101333330
In base 5, what is -10 - 333344?
-333404
In base 11, what is -45370 - 0?
-45370
In base 9, what is 17 - 2164?
-2146
In base 3, what is 10200 + -20110?
-2210
In base 6, what is -3 + 113401?
113354
In base 12, what is 569 - 69?
500
In base 11, what is -289 + a?
-27a
In base 2, what is -11100101111110 - -100?
-11100101111010
In base 12, what is -1b3 + -140b?
-1602
In base 2, what is 10 + -11010100010?
-11010100000
In base 10, what is -2 - -13953?
13951
In base 6, what is 25111310 - 4?
25111302
In base 9, what is -4 + -6314?
-6318
In base 6, what is 11 - 430043?
-430032
In base 2, what is -101110 + -11000010110?
-11001000100
In base 8, what is 5 + -437634?
-437627
In base 10, what is 667008 + 0?
667008
In base 10, what is -43718 - 8?
-43726
In base 9, what is -16472 - -3?
-16468
In base 11, what is -a - 646?
-655
In base 14, what is 3 - -1da35?
1da38
In base 14, what is -1481 - 3?
-1484
In base 9, what is 0 + -11142?
-11142
In base 4, what is -23 - -32022?
31333
In base 13, what is 1 + -158a4b?
-158a4a
In base 15, what is -2 + -24711?
-24713
In base 12, what is 12 - 420?
-40a
In base 7, what is 4 + -130120?
-130113
In base 2, what is -10 - 100010101100110?
-100010101101000
In base 13, what is 993 + -16a?
826
In base 6, what is 105340 + 43?
105423
In base 14, what is 4 - 3115?
-3111
In base 9, what is 2033823 + 5?
2033828
In base 16, what is 64b + -e?
63d
In base 2, what is -1010010 - 1010000101101?
-1010001111111
In base 3, what is -12220 + -200121?
-220111
In base 15, what is -6867d + 4?
-68679
In base 16, what is 49730 + 1?
49731
In base 11, what is -1 - -9a330?
9a32a
In base 9, what is 46746 - 75?
46661
In base 5, what is -100 + 424?
324
In base 15, what is 35 + 3266?
329b
In base 13, what is 37349 + a?
37356
In base 6, what is -45255 - 44?
-45343
In base 16, what is -ace + 71?
-a5d
In base 10, what is -3 - 349273?
-349276
In base 8, what is 27771674 - -3?
27771677
In base 11, what is 29026 - -4?
2902a
In base 2, what is -1001101010000 + 11?
-1001101001101
In base 8, what is 42020 + 1?
42021
In base 2, what is -101110000101 + -1001?
-101110001110
In base 7, what is -5 - 2665?
-3003
In base 9, what is -44742 - -1?
-44741
In base 11, what is 47a3 + -18?
4786
In base 10, what is 12 + -8101?
-8089
In base 15, what is -12 - -3cb23?
3cb11
In base 13, what is -b6 + -2258?
-2341
In base 5, what is 301 - 3341?
-3040
In base 4, what is -10020110 - 233?
-10021003
In base 2, what is 0 - 1011100010000?
-1011100010000
In base 15, what is a + -17e0?
-17d5
In base 4, what is 103310 + -302?
103002
In base 5, what is -23011 + -40?
-23101
In base 5, what is -34 + -30412?
-31001
In base 5, what is -1 + 224144000?
224143444
In base 7, what is -2 - 20604020?
-20604022
In base 6, what is 1 - 231511?
-231510
In base 10, what is 6 + -21?
-15
In base 9, what is 447 - 6274?
-5726
In base 14, what is 2384d - -2?
23851
In base 13, what is 49c - 69?
433
In base 